-4 - -8) + 1 + -9 + -1.
-5
Evaluate (-3 - (4 + -5)) + 13 - 5.
6
Evaluate 12 + -15 - (-3 - (5 + -4)).
1
What is the value of -2 + -1 + (-2 - 0)?
-5
What is -2 - (-3 + -9 + 5)?
5
Evaluate (9 - 2) + -19 + 20.
8
What is the value of 3 + (0 - 5) + (-5 - -2)?
-5
Evaluate -7 + (3 - (5 + (-15 - -7))).
-1
10 - 10 - (3 + -3 + 3)
-3
Calculate (4 - 2 - (-7 - -4)) + -6.
-1
0 + 0 - (15 + -11 + 3)
-7
What is the value of 3 + -4 + -6 + 5 - 2?
-4
-2 - 1 - (-13 - -9) - 1
0
What is 3 + -6 + 7 - (-2 + 7)?
-1
What is the value of 7 + -6 - -10 - 10?
1
-5 - (-23 + -12 + 23)
7
Calculate (-5 - (8 - 6)) + 1.
-6
What is 6 - 4 - (-34 - -27)?
9
Evaluate 3 + -2 - 0 - (-72 - -73).
0
What is the value of 3 - (-10 + (6 - 2))?
9
Calculate -1 + 2 - (-3 + -5 - -2).
7
What is the value of -14 + (11 - -8) + -11?
-6
Calculate -2 + 1 - (-3 + 1 + -7).
8
Evaluate -5 + (-6 - -7 - -18) + -4.
10
Evaluate -5 - (1 + (7 - 2) - 8).
-3
Evaluate -9 - (-9 + 3) - 1.
-4
Calculate -2 + -3 + 4 - -3 - 3.
-1
3 + (7 + -5 + -4 - -1)
2
Calculate -1 - ((1 - 0 - 4) + 1).
1
(0 - 3) + -3 + 4
-2
What is the value of 4 - (-2 - (-7 + 8))?
7
7 + 4 + -4 + -5
2
Evaluate 4 + -1 + 8 + -16.
-5
Calculate 2 + -6 - (-1 + 2 + -3).
-2
What is 4 - 1 - 4 - -1?
0
Calculate 17 + -19 + (-4 - -3).
-3
What is -1 - (-1 + (1 - -1) + -2)?
0
What is -2 + (0 + 8 - 7)?
-1
What is 8 + (-10 - (5 + 0))?
-7
Evaluate -3 + 3 + -7 + 5.
-2
What is 4 - (9 + -15 + (10 - -1))?
-1
-9 + 4 - -4 - (-3 - -2)
0
Calculate (0 + -1 - 4) + 10.
5
What is the value of -3 + (-3 - ((3 - 7) + 4))?
-6
What is 10 + -3 + -3 - 9?
-5
Calculate -1 - (9 - (3 + (-1 - -3))).
-5
What is the value of 1 + (1 - 1) - (2 + -2)?
1
-8 + -5 + 7 + 3
-3
(2 - -2) + -7 - -2
-1
What is -5 + 4 + 5 - -1?
5
What is 0 + -5 + 0 - 0?
-5
What is 0 - 5 - (0 + -1)?
-4
Evaluate -3 + (2 + (-7 - 0) - -8).
0
Evaluate -1 - (7 + 10 - 9).
-9
Evaluate -1 + 1 - 0 - (-25 + 25).
0
Evaluate 2 + -8 - (3 - (6 - 0)).
-3
(-1 - 1) + 4 + -7 + 4
-1
Calculate 8 + -7 + 4 + -7.
-2
-2 + (4 - (2 + 5 - 2))
-3
What is the value of -4 + 5 - 0 - (7 - 4)?
-2
Calculate -6 - ((5 - 4) + -4 + 1).
-4
What is (1 + -3 - -8) + -3?
3
What is (1 + 0 - 5) + (2 - 2)?
-4
Calculate 0 + 0 + 0 + 2.
2
What is (2 - 9) + 4 + 1?
-2
-1 + -2 - -4 - 1
0
Calculate -5 + -1 + 0 + 7 + -2.
-1
-4 + (9 - (3 + -2)) - 5
-1
What is the value of 3 - (-4 + 5 + 2 + -5)?
5
What is the value of (3 - 15) + (6 - (2 + -3))?
-5
What is -1 - (3 - (12 - 5))?
3
5 + -6 + (-2 - (4 - 3))
-4
Evaluate 1 - ((-5 - -4) + -5 + 1).
6
What is -5 - (-4 - 3 - -3)?
-1
Calculate -2 + -1 + -1 + (0 - -9).
5
What is the value of -5 - (-2 - -3 - 5)?
-1
What is -2 + (-4 + -2 - -3 - -3)?
-2
What is 10 - (4 + 0) - (3 - 2)?
5
Evaluate 2 + 3 - (10 - 1).
-4
What is 1 + -1 + 0 - 4?
-4
What is the value of 1 - 12 - ((-13 - -5) + 1)?
-4
What is the value of 3 + -2 + 5 + -8 + 5?
3
Calculate -16 + 17 - (-7 + 2 + 0).
6
-2 - (-5 + (4 - (-2 + 10)))
7
What is the value of (-7 - (-3 + 7)) + 6?
-5
Evaluate (3 - 3) + 4 + -2.
2
What is 17 + -21 - (-9 - -1)?
4
Evaluate 1 - 2 - (3 + -2).
-2
(5 - 1) + (2 - -1) - 4
3
Evaluate (-2 + 5 - 7) + 5.
1
Calculate (2 - 7) + 3 + 6 + 0.
4
Calculate 6 - (4 + -3 + 2 + -5).
8
Calculate (-8 + 4 - -1) + 4.
1
What is the value of (-6 - -1) + (-14 - (-29 - -12))?
-2
1 - 5 - 5 - -6
-3
What is 0 + -2 - (-3 + 1)?
0
Evaluate -12 - (6 + -8 - 7).
-3
What is the value of 2 + 1 - (6 + 1 + 2)?
-6
Evaluate 5 + 8 + (-6 - 6).
1
What is the value of -3 - 2 - -2 - (-2 + 0)?
-1
Calculate (4 - 5) + 2 - 5.
-4
What is (16 - 17) + -3 + 6 + -3?
-1
Evaluate -1 - (-1 + (-2 - (-5 - -3))).
0
What is (5 - (-3 - -13)) + 13?
8
Evaluate (2 + -1 - (2 + -3)) + -5.
-3
-6 + -1 + (2 - -10) + 2
7
-3 + 2 + 4 - 3
0
(-4 - (0 + -1 - 3)) + 2
2
Calculate (5 - 10 - -3) + (3 - 1).
0
Calculate -1 + -2 + 3 + 5 + 0.
5
5 + -1 + -3 + 5 + -6
0
Calculate 0 - 4 - (-3 - (-4 + 6)).
1
What is (0 - 0) + 1 + -23 + 21?
-1
-3 + (7 + 2 - 5)
1
(10 - 2) + (-20 - -7)
-5
Calculate (-5 - (3 - 7)) + 3.
2
(9 - 7) + 1 + -1 - 0
2
26 + -33 - (0 - 4)
-3
What is 5 - ((-5 - 4) + 5) - 4?
5
Calculate (14 + -1 - 9) + (-2 - 5).
-3
What is the value of 6 + -1 + 1 + -6?
0
What is 1 - -13 - (-23 - -42)?
-5
What is the value of -1 + 13 + 1 + (-29 - -21)?
5
Evaluate 7 - ((0 - -4) + 8).
-5
-1 + -1 + 1 - (-1 + -1)
1
9 - 9 - (-4 + -1)
5
What is (6 + -9 - -6) + 0 + -1?
2
Evaluate 23 - 14 - (-1 + 3 - -3).
4
What is (-11 - -5 - -7) + -3?
-2
Evaluate (-13 - -10) + 4 + 0.
1
What is 1 + -2 - (-7 + 5)?
1
Calculate -2 + -2 - (-3 + -7 + 11).
-5
(-6 + 2 - -10) + 6 + -9
3
What is the value of 3 + (-6 - 1) + 4 + -6?
-6
Evaluate 19 - 17 - (5 + -1 + -1).
-1
What is (1 - 6 - (-3 - -1)) + 5?
2
-16 - (-1 - (22 + -9))
-2
Evaluate -1 + -3 + -35 + 35 + -3.
-7
What is -4 + 2 + -3 + -6 + 7?
-4
Evaluate -2 + 2 - 2 - -5.
3
What is the value of (-3 - (-8 + (3 - 0))) + -1?
1
What is the value of -66 + 64 - (1 - (0 + 0))?
-3
What is -3 + (-3 - (3 - 10))?
1
(-2 - 3) + (3 - 0) + 1
-1
What is the value of (-4 - (-10 - -6)) + -6?
-6
Evaluate -2 - (-2 + (0 - -2)).
-2
Evaluate -2 + -3 + (19 - 14).
0
What is -19 + 16 - (-2 - 0)?
-1
-1 + -3 + -35 + 47
8
What is the value of (-35 - -38) + 1 + -8?
-4
-7 - (3 - (-5 + 11))
-4
What is 10 - ((1 - -12) + -7)?
4
Evaluate (-2 - (3 - 7)) + 2.
4
What is the value of 0 + 2 + (-2 - 5) - -9?
4
Evaluate 2 + -9 + 8 + 2.
3
What is (-3 - -1) + (2 - 3)?
-3
What is the value of -1 + (-1 - 0) - (0 - -4)?
-6
What is the value of -5 - (-1 + 1 + -2)?
-3
(1 - (3 - 4)) + 26 + -21
7
What is the value of -5 - (-1 + (3 - 4) + 2)?
-5
Calculate 4 + (-5 - 1) + 0.
-2
Calculate 2 - (7 + (-7 + 0 - 7)).
9
Calculate -1 - (2 + 1 + -2 + 3).
-5
Calculate 80 + -67 + -23 + 0.
-10
1 - (-1 - -1) - (-12 - -10)
3
What is the value of -13 + -1 + (-3 + 9 - 0)?
-8
What is the value of 3 + -5 + 1 - 1?
-2
Calculate -2 + 6 + -3 - (3 - 1).
-1
What is 3 + (-8 - -2) + 8?
5
What is the value of 3 - (0 + (5 - (-2 - -5)))?
1
What is (2 - -3) + 3 + -3?
5
(-57 - -52) + (1 - -1)
-3
-11 - -6 - 1 - -1
-5
What is (-7 - -3) + 3 - (0 + -4)?
3
Calculate (7 - 1 - 5) + 1.
2
What is -25 - (-19 - -9) - -8?
-7
Evaluate 2 + -5 + -2 - (13 - 17).
-1
What is the value of 4 - (2 + 6) - -8?
4
Calculate 1 + (0 + -7 - (-4 + -5)).
3
What is the value of -3 - -4 - (-3 - -1) - -2?
5
What is 2 + -4 + 3 - 7 - -1?
-5
What is the value of 23 + -22 - (0 + 6)?
-5
Calculate 4 - (8 + -7 + 2 + 0).
1
Evaluate 2 + (6 - ((-7 - -7) + 6)).
2
Calculate -11 - 1 - (137 + -157).
8
Calculate 4 + (-1 - ((-2 - -4) + 0)).
1
Evaluate -5 + (6 - ((3 - 3) + -4)).
5
What is the value of 5 + -1 + -1 + 2?
5
Calculate 2 - (4 - 0 - 3).
1
What is the value of 1 + 2 + 2 + -7 + 2?
0
What is the value of 4 + -5 + 2 + 0?
1
Evaluate (-2 - 2) + 11 + -3.
4
2 + (-4 - 7) - (-3 + -1)
-5
Calculate -19 - (-4 + 2 - 9).
-8
Evaluate -9 - (-5 + (-1 - -1)).
-4
Calculate 5 + -3 + (-6 - 0) - 1.
-5
What is 1 + 2 - -1 - (1 + -1)?
4
Evaluate -4 - ((-6 + 0 - 1) + 5).
-2
What is (-3 + -15 - -5) + 5 + 4?
-4
What is the value of -1 + (-2 - -1) - (120 + -121)?
-1
-11 - ((0 - 2) + -3 + -3)
-3
Calculate (-1 - -2) + (-66 - -59).
-6
2 + -4 + -1 - (1 - 10)
6
What is the value of -1 - (0 - 2 - (26 - 23))?
4
(1 - 1) + (-5 - (-1 - 1))
-3
What is 8 + (-6 - 2) - 4?
-4
What is -4 + 0 + 99 + -92?
3
Calculate -8 + (-6 - (1 - (6 + 2))).
-7
What is 9 - (7 + 0 - 2)?
4
Calculate -7 + 7 + (-4 - -3) - 5.
-6
(-24 - -22) + 0 + -1 + 6
3
What is the value of 2 - -3 - (-14 - -15)?
4
What is -4 - (2 + 2 + 4 + -6)?
-6
(1 + -2 - -3) + 21 + -21
2
What is the value of -1 + (-1 + 2 - (-2 + 3))?
-1
Calculate 2 - (-9 - -7 - -10).
-6
Evaluate (2 - 7) + 12 + 9 + -14.
2
Calculate (1 - -1) + -37 + 33.
-2
8 - 4 - (10 + -15)
9
What is 10 + (-7 - 8) + -3?
-8
What is the value of -5 + (-2 - (-2 - -3 - 3))?
-5
Evaluate -1 - (2 - -8 - 8).
-3
Calculate (6 - 15 - -2) + 3 + 1.
-3
(-1 - 5) + (16 - 15)
-5
Calculate -4 + (19 - (-5 + 15)).
5
Evaluate -7 + 3 + 1 - -8.
5
What is 5 + -11 + 20 + -14?
0
-3 + -6 + -3 + -1 + 9
-4
-5 + 7 + -5 - 0
-3
What is -1 - (-1 - 0) - (-14 + 15)?
-1
What is the value of (1 - 4) + (3 - 1)?
-1
Evaluate -11 - (-5 + 9 + -8).
-7
What is the value of -5 + 5 + (-1 - 0 - 0)?
-1
What is the value of -14 - (-10 + -1) - (-1 + -7)?
5
Evaluate (-1 - 4 - -8) + -5.
-2
-1 + 9 + (-7 - 2)
-1
What is the value of 1 - (0 + 0 + 0 - 0)?
1
6 + (18 - 9) + -10
5
Calculate -5 - (2 + 6 + -13).
0
Calculate 1 + (1 - 1